{"id":1299,"date":"2025-10-22T09:46:34","date_gmt":"2025-10-22T07:46:34","guid":{"rendered":"https:\/\/budapest.krisna.hu\/?page_id=1299"},"modified":"2025-10-22T10:58:59","modified_gmt":"2025-10-22T08:58:59","slug":"koszonjuk-adomanyod","status":"publish","type":"page","link":"https:\/\/budapest.krisna.hu\/en\/koszonjuk-adomanyod\/","title":{"rendered":"K\u00f6sz\u00f6nj\u00fck adom\u00e1nyod"},"content":{"rendered":"<div data-elementor-type=\"wp-page\" data-elementor-id=\"1299\" class=\"elementor elementor-1299\" data-elementor-post-type=\"page\">\n\t\t\t\t<div class=\"elementor-element elementor-element-a1494c2 e-flex e-con-boxed e-con e-parent\" data-id=\"a1494c2\" data-element_type=\"container\" data-e-type=\"container\">\n\t\t\t\t\t<div class=\"e-con-inner\">\n\t\t\t\t<div class=\"elementor-element elementor-element-ca7cb7f elementor-widget elementor-widget-heading\" data-id=\"ca7cb7f\" data-element_type=\"widget\" data-e-type=\"widget\" data-widget_type=\"heading.default\">\n\t\t\t\t\t<h1 class=\"elementor-heading-title elementor-size-default\">K\u00f6sz\u00f6nj\u00fck sz\u00e9pen adom\u00e1nyod!<\/h1>\t\t\t\t<\/div>\n\t\t\t\t<div class=\"elementor-element elementor-element-429dddc elementor-widget elementor-widget-heading\" data-id=\"429dddc\" data-element_type=\"widget\" data-e-type=\"widget\" data-widget_type=\"heading.default\">\n\t\t\t\t\t<h3 class=\"elementor-heading-title elementor-size-default\">Kedves T\u00e1mogat\u00f3nk!<\/h3>\t\t\t\t<\/div>\n\t\t\t\t<div class=\"elementor-element elementor-element-405d56b elementor-widget elementor-widget-text-editor\" data-id=\"405d56b\" data-element_type=\"widget\" data-e-type=\"widget\" data-widget_type=\"text-editor.default\">\n\t\t\t\t\t\t\t\t\t<p>H\u00e1l\u00e1s sz\u00edvvel k\u00f6sz\u00f6nj\u00fck, hogy adom\u00e1nyoddal seg\u00edted a Budapesti Har\u00e9 Krisna Templom m\u0171k\u00f6d\u00e9s\u00e9t!<br \/>A felaj\u00e1nl\u00e1sod lehet\u0151v\u00e9 teszi, hogy k\u00f6z\u00f6ss\u00e9g\u00fcnk nap mint nap v\u00e9gezhesse lelki \u00e9s t\u00e1rsadalmi tev\u00e9kenys\u00e9geit.<\/p><p>Hamarosan e-mailben is meg\u00e9rkezik a visszaigazol\u00e1s az adom\u00e1nyr\u00f3l.<br data-start=\"1551\" data-end=\"1554\" \/><strong>Ha b\u00e1rmilyen k\u00e9rd\u00e9sed lenne, \u00edrj nek\u00fcnk bizalommal: <a href=\"mailto:bp.templom@krisna.hu\">bp.templom@krisna.hu<\/a><\/strong><\/p><p>\u00dcdv\u00f6zlettel:<br \/>a Budapesti Har\u00e9 Krisna Templom csapata<\/p>\t\t\t\t\t\t\t\t<\/div>\n\t\t\t\t\t<\/div>\n\t\t\t\t<\/div>\n\t\t\t\t<\/div>","protected":false},"excerpt":{"rendered":"<p>K\u00f6sz\u00f6nj\u00fck sz\u00e9pen adom\u00e1nyod! Kedves T\u00e1mogat\u00f3nk! H\u00e1l\u00e1s sz\u00edvvel k\u00f6sz\u00f6nj\u00fck, hogy adom\u00e1nyoddal seg\u00edted a Budapesti Har\u00e9 Krisna Templom m\u0171k\u00f6d\u00e9s\u00e9t!A felaj\u00e1nl\u00e1sod lehet\u0151v\u00e9 teszi, hogy k\u00f6z\u00f6ss\u00e9g\u00fcnk nap mint nap v\u00e9gezhesse lelki \u00e9s t\u00e1rsadalmi tev\u00e9kenys\u00e9geit. Hamarosan e-mailben is meg\u00e9rkezik a visszaigazol\u00e1s az adom\u00e1nyr\u00f3l.Ha b\u00e1rmilyen k\u00e9rd\u00e9sed lenne, \u00edrj nek\u00fcnk bizalommal: bp.templom@krisna.hu \u00dcdv\u00f6zlettel:a Budapesti Har\u00e9 Krisna Templom csapata<\/p>","protected":false},"author":1,"featured_media":0,"parent":0,"menu_order":0,"comment_status":"closed","ping_status":"closed","template":"elementor_header_footer","meta":{"footnotes":""},"class_list":["post-1299","page","type-page","status-publish","hentry"],"yoast_head":"<!-- This site is optimized with the Yoast SEO Premium plugin v27.4 (Yoast SEO v27.4) - https:\/\/yoast.com\/product\/yoast-seo-premium-wordpress\/ -->\n<title>K\u00f6sz\u00f6nj\u00fck adom\u00e1nyod - Budapesti Har\u00e9 Krisna Templom \u00e9s Oktat\u00e1si K\u00f6zpont<\/title>\n<meta name=\"robots\" content=\"index, follow, max-snippet:-1, max-image-preview:large, max-video-preview:-1\" \/>\n<link rel=\"canonical\" href=\"https:\/\/budapest.krisna.hu\/en\/koszonjuk-adomanyod\/\" \/>\n<meta property=\"og:locale\" content=\"en_GB\" \/>\n<meta property=\"og:type\" content=\"article\" \/>\n<meta property=\"og:title\" content=\"K\u00f6sz\u00f6nj\u00fck adom\u00e1nyod\" \/>\n<meta property=\"og:description\" content=\"K\u00f6sz\u00f6nj\u00fck sz\u00e9pen adom\u00e1nyod! Kedves T\u00e1mogat\u00f3nk! H\u00e1l\u00e1s sz\u00edvvel k\u00f6sz\u00f6nj\u00fck, hogy adom\u00e1nyoddal seg\u00edted a Budapesti Har\u00e9 Krisna Templom m\u0171k\u00f6d\u00e9s\u00e9t!A felaj\u00e1nl\u00e1sod lehet\u0151v\u00e9 teszi, hogy k\u00f6z\u00f6ss\u00e9g\u00fcnk nap mint nap v\u00e9gezhesse lelki \u00e9s t\u00e1rsadalmi tev\u00e9kenys\u00e9geit. Hamarosan e-mailben is meg\u00e9rkezik a visszaigazol\u00e1s az adom\u00e1nyr\u00f3l.Ha b\u00e1rmilyen k\u00e9rd\u00e9sed lenne, \u00edrj nek\u00fcnk bizalommal: bp.templom@krisna.hu \u00dcdv\u00f6zlettel:a Budapesti Har\u00e9 Krisna Templom csapata\" \/>\n<meta property=\"og:url\" content=\"https:\/\/budapest.krisna.hu\/en\/koszonjuk-adomanyod\/\" \/>\n<meta property=\"og:site_name\" content=\"Budapesti Har\u00e9 Krisna Templom \u00e9s Oktat\u00e1si K\u00f6zpont\" \/>\n<meta property=\"article:modified_time\" content=\"2025-10-22T08:58:59+00:00\" \/>\n<meta name=\"twitter:card\" content=\"summary_large_image\" \/>\n<script type=\"application\/ld+json\" class=\"yoast-schema-graph\">{\"@context\":\"https:\\\/\\\/schema.org\",\"@graph\":[{\"@type\":\"WebPage\",\"@id\":\"https:\\\/\\\/budapest.krisna.hu\\\/koszonjuk-adomanyod\\\/\",\"url\":\"https:\\\/\\\/budapest.krisna.hu\\\/koszonjuk-adomanyod\\\/\",\"name\":\"K\u00f6sz\u00f6nj\u00fck adom\u00e1nyod - Budapesti Har\u00e9 Krisna Templom \u00e9s Oktat\u00e1si K\u00f6zpont\",\"isPartOf\":{\"@id\":\"https:\\\/\\\/budapest.krisna.hu\\\/#website\"},\"datePublished\":\"2025-10-22T07:46:34+00:00\",\"dateModified\":\"2025-10-22T08:58:59+00:00\",\"breadcrumb\":{\"@id\":\"https:\\\/\\\/budapest.krisna.hu\\\/koszonjuk-adomanyod\\\/#breadcrumb\"},\"inLanguage\":\"en-GB\",\"potentialAction\":[{\"@type\":\"ReadAction\",\"target\":[\"https:\\\/\\\/budapest.krisna.hu\\\/koszonjuk-adomanyod\\\/\"]}]},{\"@type\":\"BreadcrumbList\",\"@id\":\"https:\\\/\\\/budapest.krisna.hu\\\/koszonjuk-adomanyod\\\/#breadcrumb\",\"itemListElement\":[{\"@type\":\"ListItem\",\"position\":1,\"name\":\"Kezd\u0151lap\",\"item\":\"https:\\\/\\\/budapest.krisna.hu\\\/\"},{\"@type\":\"ListItem\",\"position\":2,\"name\":\"K\u00f6sz\u00f6nj\u00fck adom\u00e1nyod\"}]},{\"@type\":\"WebSite\",\"@id\":\"https:\\\/\\\/budapest.krisna.hu\\\/#website\",\"url\":\"https:\\\/\\\/budapest.krisna.hu\\\/\",\"name\":\"Budapesti Har\u00e9 Krisna Templom \u00e9s Oktat\u00e1si K\u00f6zpont\",\"description\":\"Szeretettel v\u00e1runk kultur\u00e1lis programjainkra, veg\u00e1n \u00e9tterm\u00fcnkbe vagy csak egy k\u00f6rvezez\u00e9sre gy\u00f6ny\u00f6r\u0171 \u00e9p\u00fclet\u00fcnkben!\",\"publisher\":{\"@id\":\"https:\\\/\\\/budapest.krisna.hu\\\/#organization\"},\"potentialAction\":[{\"@type\":\"SearchAction\",\"target\":{\"@type\":\"EntryPoint\",\"urlTemplate\":\"https:\\\/\\\/budapest.krisna.hu\\\/?s={search_term_string}\"},\"query-input\":{\"@type\":\"PropertyValueSpecification\",\"valueRequired\":true,\"valueName\":\"search_term_string\"}}],\"inLanguage\":\"en-GB\"},{\"@type\":\"Organization\",\"@id\":\"https:\\\/\\\/budapest.krisna.hu\\\/#organization\",\"name\":\"Budapesti Har\u00e9 Krisna Templom \u00e9s Oktat\u00e1si K\u00f6zpont\",\"url\":\"https:\\\/\\\/budapest.krisna.hu\\\/\",\"logo\":{\"@type\":\"ImageObject\",\"inLanguage\":\"en-GB\",\"@id\":\"https:\\\/\\\/budapest.krisna.hu\\\/#\\\/schema\\\/logo\\\/image\\\/\",\"url\":\"https:\\\/\\\/budapest.krisna.hu\\\/wp-content\\\/uploads\\\/2025\\\/09\\\/cropped-cropped-cropped-mkthk-logo-300.png\",\"contentUrl\":\"https:\\\/\\\/budapest.krisna.hu\\\/wp-content\\\/uploads\\\/2025\\\/09\\\/cropped-cropped-cropped-mkthk-logo-300.png\",\"width\":512,\"height\":512,\"caption\":\"Budapesti Har\u00e9 Krisna Templom \u00e9s Oktat\u00e1si K\u00f6zpont\"},\"image\":{\"@id\":\"https:\\\/\\\/budapest.krisna.hu\\\/#\\\/schema\\\/logo\\\/image\\\/\"}}]}<\/script>\n<!-- \/ Yoast SEO Premium plugin. -->","yoast_head_json":{"title":"K\u00f6sz\u00f6nj\u00fck adom\u00e1nyod - Budapesti Har\u00e9 Krisna Templom \u00e9s Oktat\u00e1si K\u00f6zpont","robots":{"index":"index","follow":"follow","max-snippet":"max-snippet:-1","max-image-preview":"max-image-preview:large","max-video-preview":"max-video-preview:-1"},"canonical":"https:\/\/budapest.krisna.hu\/en\/koszonjuk-adomanyod\/","og_locale":"en_GB","og_type":"article","og_title":"K\u00f6sz\u00f6nj\u00fck adom\u00e1nyod","og_description":"K\u00f6sz\u00f6nj\u00fck sz\u00e9pen adom\u00e1nyod! Kedves T\u00e1mogat\u00f3nk! H\u00e1l\u00e1s sz\u00edvvel k\u00f6sz\u00f6nj\u00fck, hogy adom\u00e1nyoddal seg\u00edted a Budapesti Har\u00e9 Krisna Templom m\u0171k\u00f6d\u00e9s\u00e9t!A felaj\u00e1nl\u00e1sod lehet\u0151v\u00e9 teszi, hogy k\u00f6z\u00f6ss\u00e9g\u00fcnk nap mint nap v\u00e9gezhesse lelki \u00e9s t\u00e1rsadalmi tev\u00e9kenys\u00e9geit. Hamarosan e-mailben is meg\u00e9rkezik a visszaigazol\u00e1s az adom\u00e1nyr\u00f3l.Ha b\u00e1rmilyen k\u00e9rd\u00e9sed lenne, \u00edrj nek\u00fcnk bizalommal: bp.templom@krisna.hu \u00dcdv\u00f6zlettel:a Budapesti Har\u00e9 Krisna Templom csapata","og_url":"https:\/\/budapest.krisna.hu\/en\/koszonjuk-adomanyod\/","og_site_name":"Budapesti Har\u00e9 Krisna Templom \u00e9s Oktat\u00e1si K\u00f6zpont","article_modified_time":"2025-10-22T08:58:59+00:00","twitter_card":"summary_large_image","schema":{"@context":"https:\/\/schema.org","@graph":[{"@type":"WebPage","@id":"https:\/\/budapest.krisna.hu\/koszonjuk-adomanyod\/","url":"https:\/\/budapest.krisna.hu\/koszonjuk-adomanyod\/","name":"K\u00f6sz\u00f6nj\u00fck adom\u00e1nyod - Budapesti Har\u00e9 Krisna Templom \u00e9s Oktat\u00e1si K\u00f6zpont","isPartOf":{"@id":"https:\/\/budapest.krisna.hu\/#website"},"datePublished":"2025-10-22T07:46:34+00:00","dateModified":"2025-10-22T08:58:59+00:00","breadcrumb":{"@id":"https:\/\/budapest.krisna.hu\/koszonjuk-adomanyod\/#breadcrumb"},"inLanguage":"en-GB","potentialAction":[{"@type":"ReadAction","target":["https:\/\/budapest.krisna.hu\/koszonjuk-adomanyod\/"]}]},{"@type":"BreadcrumbList","@id":"https:\/\/budapest.krisna.hu\/koszonjuk-adomanyod\/#breadcrumb","itemListElement":[{"@type":"ListItem","position":1,"name":"Kezd\u0151lap","item":"https:\/\/budapest.krisna.hu\/"},{"@type":"ListItem","position":2,"name":"K\u00f6sz\u00f6nj\u00fck adom\u00e1nyod"}]},{"@type":"WebSite","@id":"https:\/\/budapest.krisna.hu\/#website","url":"https:\/\/budapest.krisna.hu\/","name":"Budapest Hare Krishna Temple and Educational Center","description":"Szeretettel v\u00e1runk kultur\u00e1lis programjainkra, veg\u00e1n \u00e9tterm\u00fcnkbe vagy csak egy k\u00f6rvezez\u00e9sre gy\u00f6ny\u00f6r\u0171 \u00e9p\u00fclet\u00fcnkben!","publisher":{"@id":"https:\/\/budapest.krisna.hu\/#organization"},"potentialAction":[{"@type":"SearchAction","target":{"@type":"EntryPoint","urlTemplate":"https:\/\/budapest.krisna.hu\/?s={search_term_string}"},"query-input":{"@type":"PropertyValueSpecification","valueRequired":true,"valueName":"search_term_string"}}],"inLanguage":"en-GB"},{"@type":"Organization","@id":"https:\/\/budapest.krisna.hu\/#organization","name":"Budapest Hare Krishna Temple and Educational Center","url":"https:\/\/budapest.krisna.hu\/","logo":{"@type":"ImageObject","inLanguage":"en-GB","@id":"https:\/\/budapest.krisna.hu\/#\/schema\/logo\/image\/","url":"https:\/\/budapest.krisna.hu\/wp-content\/uploads\/2025\/09\/cropped-cropped-cropped-mkthk-logo-300.png","contentUrl":"https:\/\/budapest.krisna.hu\/wp-content\/uploads\/2025\/09\/cropped-cropped-cropped-mkthk-logo-300.png","width":512,"height":512,"caption":"Budapesti Har\u00e9 Krisna Templom \u00e9s Oktat\u00e1si K\u00f6zpont"},"image":{"@id":"https:\/\/budapest.krisna.hu\/#\/schema\/logo\/image\/"}}]}},"_links":{"self":[{"href":"https:\/\/budapest.krisna.hu\/en\/wp-json\/wp\/v2\/pages\/1299","targetHints":{"allow":["GET"]}}],"collection":[{"href":"https:\/\/budapest.krisna.hu\/en\/wp-json\/wp\/v2\/pages"}],"about":[{"href":"https:\/\/budapest.krisna.hu\/en\/wp-json\/wp\/v2\/types\/page"}],"author":[{"embeddable":true,"href":"https:\/\/budapest.krisna.hu\/en\/wp-json\/wp\/v2\/users\/1"}],"replies":[{"embeddable":true,"href":"https:\/\/budapest.krisna.hu\/en\/wp-json\/wp\/v2\/comments?post=1299"}],"version-history":[{"count":0,"href":"https:\/\/budapest.krisna.hu\/en\/wp-json\/wp\/v2\/pages\/1299\/revisions"}],"wp:attachment":[{"href":"https:\/\/budapest.krisna.hu\/en\/wp-json\/wp\/v2\/media?parent=1299"}],"curies":[{"name":"wp","href":"https:\/\/api.w.org\/{rel}","templated":true}]}}

Köszönjük adományod

<div data-elementor-type="wp-page" data-elementor-id="1299" class="elementor elementor-1299" data-elementor-post-type="page">
				<div class="elementor-element elementor-element-a1494c2 e-flex e-con-boxed e-con e-parent" data-id="a1494c2" data-element_type="container" data-e-type="container">
					<div class="e-con-inner">
				<div class="elementor-element elementor-element-ca7cb7f elementor-widget elementor-widget-heading" data-id="ca7cb7f" data-element_type="widget" data-e-type="widget" data-widget_type="heading.default">
					<h1 class="elementor-heading-title elementor-size-default">Köszönjük szépen adományod!</h1>				</div>
				<div class="elementor-element elementor-element-429dddc elementor-widget elementor-widget-heading" data-id="429dddc" data-element_type="widget" data-e-type="widget" data-widget_type="heading.default">
					<h3 class="elementor-heading-title elementor-size-default">Kedves Támogatónk!</h3>				</div>
				<div class="elementor-element elementor-element-405d56b elementor-widget elementor-widget-text-editor" data-id="405d56b" data-element_type="widget" data-e-type="widget" data-widget_type="text-editor.default">
									<p>Hálás szívvel köszönjük, hogy adományoddal segíted a Budapesti Haré Krisna Templom működését!<br />A felajánlásod lehetővé teszi, hogy közösségünk nap mint nap végezhesse lelki és társadalmi tevékenységeit.</p><p>Hamarosan e-mailben is megérkezik a visszaigazolás az adományról.<br data-start="1551" data-end="1554" /><strong>Ha bármilyen kérdésed lenne, írj nekünk bizalommal: <a href="mailto:bp.templom@krisna.hu">bp.templom@krisna.hu</a></strong></p><p>Üdvözlettel:<br />a Budapesti Haré Krisna Templom csapata</p>								</div>
					</div>
				</div>
				</div>

<p>Köszönjük szépen adományod! Kedves Támogatónk! Hálás szívvel köszönjük, hogy adományoddal segíted a Budapesti Haré Krisna Templom működését!A felajánlásod lehetővé teszi, hogy közösségünk nap mint nap végezhesse lelki és társadalmi tevékenységeit. Hamarosan e-mailben is megérkezik a visszaigazolás az adományról.Ha bármilyen kérdésed lenne, írj nekünk bizalommal: bp.templom@krisna.hu Üdvözlettel:a Budapesti Haré Krisna Templom csapata</p>

<!-- This site is optimized with the Yoast SEO Premium plugin v27.4 (Yoast SEO v27.4) - https://yoast.com/product/yoast-seo-premium-wordpress/ -->
<title>Köszönjük adományod - Budapesti Haré Krisna Templom és Oktatási Központ</title>
<meta name="robots" content="index, follow, max-snippet:-1, max-image-preview:large, max-video-preview:-1" />
<link rel="canonical" href="https://budapest.krisna.hu/en/koszonjuk-adomanyod/" />
<meta property="og:locale" content="en_GB" />
<meta property="og:type" content="article" />
<meta property="og:title" content="Köszönjük adományod" />
<meta property="og:description" content="Köszönjük szépen adományod! Kedves Támogatónk! Hálás szívvel köszönjük, hogy adományoddal segíted a Budapesti Haré Krisna Templom működését!A felajánlásod lehetővé teszi, hogy közösségünk nap mint nap végezhesse lelki és társadalmi tevékenységeit. Hamarosan e-mailben is megérkezik a visszaigazolás az adományról.Ha bármilyen kérdésed lenne, írj nekünk bizalommal: bp.templom@krisna.hu Üdvözlettel:a Budapesti Haré Krisna Templom csapata" />
<meta property="og:url" content="https://budapest.krisna.hu/en/koszonjuk-adomanyod/" />
<meta property="og:site_name" content="Budapesti Haré Krisna Templom és Oktatási Központ" />
<meta property="article:modified_time" content="2025-10-22T08:58:59+00:00" />
<meta name="twitter:card" content="summary_large_image" />
<script type="application/ld+json" class="yoast-schema-graph">{"@context":"https:\/\/schema.org","@graph":[{"@type":"WebPage","@id":"https:\/\/budapest.krisna.hu\/koszonjuk-adomanyod\/","url":"https:\/\/budapest.krisna.hu\/koszonjuk-adomanyod\/","name":"Köszönjük adományod - Budapesti Haré Krisna Templom és Oktatási Központ","isPartOf":{"@id":"https:\/\/budapest.krisna.hu\/#website"},"datePublished":"2025-10-22T07:46:34+00:00","dateModified":"2025-10-22T08:58:59+00:00","breadcrumb":{"@id":"https:\/\/budapest.krisna.hu\/koszonjuk-adomanyod\/#breadcrumb"},"inLanguage":"en-GB","potentialAction":[{"@type":"ReadAction","target":["https:\/\/budapest.krisna.hu\/koszonjuk-adomanyod\/"]}]},{"@type":"BreadcrumbList","@id":"https:\/\/budapest.krisna.hu\/koszonjuk-adomanyod\/#breadcrumb","itemListElement":[{"@type":"ListItem","position":1,"name":"Kezdőlap","item":"https:\/\/budapest.krisna.hu\/"},{"@type":"ListItem","position":2,"name":"Köszönjük adományod"}]},{"@type":"WebSite","@id":"https:\/\/budapest.krisna.hu\/#website","url":"https:\/\/budapest.krisna.hu\/","name":"Budapesti Haré Krisna Templom és Oktatási Központ","description":"Szeretettel várunk kulturális programjainkra, vegán éttermünkbe vagy csak egy körvezezésre gyönyörű épületünkben!","publisher":{"@id":"https:\/\/budapest.krisna.hu\/#organization"},"potentialAction":[{"@type":"SearchAction","target":{"@type":"EntryPoint","urlTemplate":"https:\/\/budapest.krisna.hu\/?s={search_term_string}"},"query-input":{"@type":"PropertyValueSpecification","valueRequired":true,"valueName":"search_term_string"}}],"inLanguage":"en-GB"},{"@type":"Organization","@id":"https:\/\/budapest.krisna.hu\/#organization","name":"Budapesti Haré Krisna Templom és Oktatási Központ","url":"https:\/\/budapest.krisna.hu\/","logo":{"@type":"ImageObject","inLanguage":"en-GB","@id":"https:\/\/budapest.krisna.hu\/#\/schema\/logo\/image\/","url":"https:\/\/budapest.krisna.hu\/wp-content\/uploads\/2025\/09\/cropped-cropped-cropped-mkthk-logo-300.png","contentUrl":"https:\/\/budapest.krisna.hu\/wp-content\/uploads\/2025\/09\/cropped-cropped-cropped-mkthk-logo-300.png","width":512,"height":512,"caption":"Budapesti Haré Krisna Templom és Oktatási Központ"},"image":{"@id":"https:\/\/budapest.krisna.hu\/#\/schema\/logo\/image\/"}}]}</script>
<!-- / Yoast SEO Premium plugin. -->

Köszönjük adományod - Budapesti Haré Krisna Templom és Oktatási Központ

Köszönjük szépen adományod! Kedves Támogatónk! Hálás szívvel köszönjük, hogy adományoddal segíted a Budapesti Haré Krisna Templom működését!A felajánlásod lehetővé teszi, hogy közösségünk nap mint nap végezhesse lelki és társadalmi tevékenységeit. Hamarosan e-mailben is megérkezik a visszaigazolás az adományról.Ha bármilyen kérdésed lenne, írj nekünk bizalommal: bp.templom@krisna.hu Üdvözlettel:a Budapesti Haré Krisna Templom csapata

Budapesti Haré Krisna Templom és Oktatási Központ

Kezdőlap

Szeretettel várunk kulturális programjainkra, vegán éttermünkbe vagy csak egy körvezezésre gyönyörű épületünkben!
